se -5*s + 81 + 103 = 3*i, -2*s + i + r = 0. What is the tens digit of s?
3
What is the units digit of (-78 + -4761)*(-1)/3?
3
Let v = 11 + -8. Let h be 8/(6/9*v). Suppose -18 = -h*x + 6. What is the units digit of x?
6
What is the tens digit of 12/(3/1) + (547 - 0)?
5
Suppose 8*v - 14 = 2. What is the units digit of ((-48)/40)/((v + -5)/15)?
6
Let w = 48 + -40. Let c(g) = 2*g**2 - 8*g - 6. What is the tens digit of c(w)?
5
Let n(h) be the first derivative of h**3/3 - h**2/2 - 2*h - 1. Let x be n(2). Suppose s + 2*f - 22 = 0, -f = -5*s - x*f + 66. What is the tens digit of s?
1
What is the tens digit of (-84)/(-798) - (-8453)/19?
4
Let w = -6 + -25. Let k = -19 - w. Suppose n + 82 = 5*y, -3*n + k = 3. What is the tens digit of y?
1
Let k(v) = -v - 1. Let u(y) = -y**2 + 6*y + 8. Let x(j) = -5*k(j) - u(j). Suppose -2*z + 14 = -9*p + 11*p, 0 = -2*p - 5*z + 17. What is the tens digit of x(p)?
2
Let s(p) = 2030*p - 24. What is the thousands digit of s(2)?
4
Let p be (-4 + 1)*(-10)/6. Suppose 130 = 2*t - p*w, 2*t = -3*t - 2*w + 354. What is the units digit of t?
0
Let x be (-1 - 0) + 108/6. Let b = x - 29. What is the tens digit of b/(-28) - 190/(-14)?
1
Let p(h) = 211*h + 11. What is the hundreds digit of p(2)?
4
Suppose 6*t = 3453 + 11307. What is the hundreds digit of t?
4
Suppose 0 = 2*v - 5*p - 85, -4*v + 156 + 8 = -4*p. Suppose 10*c - 14*c = -v. What is the tens digit of c?
1
Let z(l) = l**2 + 10*l - 9. Let c be z(-9). Let t = c + -7. Let g = -8 - t. What is the tens digit of g?
1
Let k(q) = q**3 - 13*q**2 - 16*q + 28. Let y be k(14). Suppose -177 = -n - 6*x + x, y = -3*n - 4*x + 487. What is the tens digit of n?
5
Let m(n) = 10*n**2 + 6*n + 1. Let c = 36 - 31. What is the hundreds digit of m(c)?
2
Suppose 0*l - 5*g + 19 = -3*l, -21 = 2*l + 5*g. Let q(t) = -2*t + 50. What is the tens digit of q(l)?
6
Suppose -2*o + 0*o = -66. Let z = o - 6. What is the units digit of z?
7
Suppose a - 2*a + m - 4 = 0, 5 = -3*a - 4*m. Let p be (1 - 4)/(a/127). Suppose 4*k - 4*q - p + 39 = 0, -3*q = 4*k - 53. What is the units digit of k?
7
Let a = 190 - 24. What is the tens digit of a?
6
Let u(f) = -44*f - 65. What is the tens digit of u(-52)?
2
Suppose -6*m + m + 28 = 2*v, 5*m - 5*v - 35 = 0. Let o be 34/12 + 1/m. Suppose -l + 17 = o. What is the units digit of l?
4
Let c(p) = -23*p + 17. Let n be c(-18). Let h = -214 + n. What is the units digit of h?
7
Let g(c) = -10*c - 119. What is the units digit of g(-12)?
1
Suppose -2*a + 19 = 3. Let v = -10 + a. Let w(c) = 5*c**2 + c + 1. What is the tens digit of w(v)?
1
Suppose -4 = -3*w + 4*o, -o - 1 + 0 = -2*w. Suppose -32 = -3*l + 5*m, -2*m - 6 - 2 = 0. Suppose l*c + 2*n - 50 = 0, n = -w*n - 5. What is the units digit of c?
5
Let g(i) = 6. Let m(a) = 7. Let f(n) = -6*g(n) + 5*m(n). Let c(v) = -v. Let x(s) = -c(s) + f(s). What is the units digit of x(2)?
1
Let z be 4/(-2) + 7/1. Let u be (-4)/(-14) - (-144)/84. Suppose 0 = u*v - z*s - 0*s - 160, -2 = s. What is the units digit of v?
5
Suppose 11*w + 8130 = 6*u + 7*w, 5*w = u - 1368. What is the units digit of u?
3
Suppose -c = 6 - 88. Suppose c = -7*u + 9*u. What is the tens digit of u?
4
Let t(u) = u**3. Let h be t(-1). Let q be 4/(1 + h - -1). Suppose 16 = -3*y - y, 0 = -f + q*y + 38. What is the units digit of f?
2
Suppose -16*j + 9640 = -184. What is the tens digit of j?
1
Let h(u) = -9*u**3 - 7*u**2 - 25*u + 36. What is the tens digit of h(-7)?
5
Suppose -i + 389 = -4*f, -302 = -2*i - 2*f + 506. What is the units digit of i?
1
Let q be (-1 - (2 + -5)) + -2. Suppose q = j - 2*j. Suppose -2*n - 3*n + 10 = j. What is the units digit of n?
2
Let r(b) = 95*b**2 - b - 31. What is the hundreds digit of r(-3)?
8
Suppose -3*t + z - 47 = -4*t, -3*t + 5*z = -101. Let h = t + -31. What is the tens digit of h?
1
Let c be (-9 - -3)/2 + 9. Let l = 9 - c. Suppose -g + l*g - 28 = 0. What is the tens digit of g?
1
Let n = 492 + -708. Let g = 365 + n. What is the tens digit of g?
4
Let a(b) = 2*b**3 + 56*b**2 - b + 25. What is the tens digit of a(-28)?
5
Let v be (-8)/4 - 1 - -3. Suppose -l = -5*p - 54, 0 = 2*l - v*p + 2*p - 48. Suppose -l - 20 = -d - m, -4*d - m + 190 = 0. What is the units digit of d?
7
Let h(w) = w**3 + 6*w**2 - 3*w - 8. Let c be h(-6). Suppose -4*a - 2 = -c. Suppose -80 = -a*z - 3*z. What is the units digit of z?
6
Let f = -8 + 10. Let g be 1 + f + -1 + -560. What is the tens digit of 1/(-2) + g/(-12)?
4
Let o(c) = -c**3 + 19*c**2 - 4*c - 11. What is the tens digit of o(-6)?
1
Let z be ((-54)/8)/(12/32). Let v be (-3 - 0)/(2/z). Suppose 2*a - 3*a + v = 0. What is the tens digit of a?
2
Let y = -23 + 21. Let z(u) = u**3 + 2*u**2 + 4*u + 3. Let l be z(y). What is the units digit of -28*-2*(-4 - l)?
6
Suppose 4 + 8 = 3*w. Let p = 1151 + -781. Suppose u - p = -w*u. What is the tens digit of u?
7
Let n(a) = a**3 + 18*a**2 - a + 11. Let y be n(-18). Let d = y + -29. Suppose -4*m + 160 + 108 = d. What is the tens digit of m?
6
Let x = 38 - 21. Suppose -4*t = -x + 1. Suppose -3*q - 12 = q, -5*y + t*q = -27. What is the units digit of y?
3
Let d(a) = -2*a**2 + 3*a - 3. Let r(z) = 6*z**2 - 10*z + 8. Let n(b) = 17*d(b) + 6*r(b). What is the hundreds digit of n(-7)?
1
Suppose -8*b = -15*b + 5488. What is the units digit of b?
4
Let n(u) = u**2 - 4*u + 1. Let f = -23 + 27. What is the units digit of n(f)?
1
Suppose 0 = -k - 2, 5*f - 5 + 38 = -4*k. Let b = f - -7. Suppose -b*g + 6*g - 120 = 0. What is the tens digit of g?
3
Suppose 0 = -4*p + 4*l - 2280, 0 = -4*p - 0*l - l - 2300. Let h = -356 - p. What is the tens digit of h?
1
Let y(o) = 33*o**2 + 3 + 0*o**2 + 7*o**2 + 20*o**2. Let s be y(-2). What is the tens digit of 9/(-24) - s/(-8)?
3
Suppose 3*m + j = -j + 1406, 1869 = 4*m - 3*j. Suppose 2*y + y - m = 0. What is the tens digit of y?
5
Suppose 1260 = -8*r + 12*r. Suppose -r = 2*f - 7*f. What is the units digit of f?
3
Let u(l) = -13*l**3 + l**2 - 2*l. Let c(p) = -p**2 - 9*p - 20. Let n be c(-6). What is the tens digit of u(n)?
1
Let f(p) = p**3 + 13*p**2 + 2*p - 7. What is the hundreds digit of f(-5)?
1
Suppose -3*q - 12 = -0*q. Let u be q + 4 + 46*2. Suppose 4*n - u = -n + 3*m, 5*n + 5*m - 100 = 0. What is the tens digit of n?
1
Suppose q - 1160 = -6*g + 3*g, -3*g + 3*q + 1152 = 0. What is the units digit of g?
6
Let c = -27 - -20. Let u be c*(33/(-7) - -4). Suppose 11 = u*g - 309. What is the units digit of g?
4
Suppose k + 3*u = 2*u + 8, 2*k - 23 = 5*u. Let x = 8 - k. What is the units digit of x - (-3 + 6)/(-1)?
2
Let d = 0 + 5. Suppose 304 = 4*c - 3*n, d*n - 145 + 19 = -2*c. What is the units digit of c?
3
Suppose 3*h - 2988 = -2*h - 3*s, 0 = -5*s + 5. What is the units digit of h?
7
Let s be 7/(-28) + 882/8. Let z = s - 60. Suppose z = 3*t - 5*f, 145 = 5*t + 4*f - 0*f. What is the tens digit of t?
2
Let t(o) = 55*o. Let y be t(5). Suppose 0 = v - 0*u - u - 49, 5*u - y = -5*v. Suppose v = b + 4*p - 9*p, b + 4*p = 16. What is the units digit of b?
2
Let p be 3 + -2 - (5 + (3 - 6)). What is the units digit of 2/(147/144 + p)?
6
Suppose -2*q + 2*x + 6 = 0, -4*q + 5*x + 0 + 15 = 0. Let d(w) = 2*w**2 + 2*w + q - 7*w - 6 - 3. What is the units digit of d(7)?
4
Suppose 2*u + 6 = 2. Let l = u - -22. What is the units digit of ((-13)/(-26))/(2/l)?
5
Let r = -9 - -12. Let g(h) = 3 + 15*h - 6 + 1 - r. What is the tens digit of g(2)?
2
Let t(w) = -5*w**2 - 9*w - 8. Let z(c) = -10*c**2 - 18*c - 15. Let j(l) = -7*t(l) + 3*z(l). What is the hundreds digit of j(-6)?
1
Let k = -64 + 57. Let w(g) = 2*g**2 + 19*g - 17. Let m(s) = -3*s**2 - 28*s + 26. Let h(y) = 5*m(y) + 7*w(y). What is the tens digit of h(k)?
1
Suppose 2*a - h + 266 = 975, a - h = 355. What is the units digit of a?
4
Suppose 5*m - 27531 = -14*m. What is the tens digit of m?
4
Suppose 5*x + 4*v - 25090 = 0, 2*x - 10003 = -89*v + 94*v. What is the hundreds digit of x?
0
What is the units digit of (8/(-24))/(1/(-3027))?
9
Let v = 1955 - 776. What is the units digit of v?
9
What is the hundreds digit of (-4)/22 + 99700/220?
4
Let w(t) = -7*t**3 - t**2 - t - 1. Let c be w(-1). Suppose z - c*z = -3*h - 19, 0 = 4*h - z + 14. Let g = 16 + h. What is the units digit of g?
3
Let a(p) = -5*p + 25. Let v be a(-4). What is the hundreds digit of (606/(-8))/(v/(-120))?
2
Let t be (-27)/18 - (-1110)/4. Let i = 156 - t. Let m 